{"id":206114,"date":"2026-04-09T09:16:04","date_gmt":"2026-04-09T07:16:04","guid":{"rendered":"https:\/\/theleadersestate.com\/nieruchomosci\/nowoczesny-dom-przestrzen-swiatlo-i-prywatnosc\/"},"modified":"2026-04-09T09:10:08","modified_gmt":"2026-04-09T07:10:08","slug":"nowoczesny-dom-przestrzen-swiatlo-i-prywatnosc","status":"publish","type":"nieruchomosci","link":"https:\/\/theleadersestate.com\/en\/real-estate\/nowoczesny-dom-przestrzen-swiatlo-i-prywatnosc\/","title":{"rendered":"Nowoczesny dom | Przestrze\u0144, \u015bwiat\u0142o i prywatno\u015b\u0107"},"content":{"rendered":"","protected":false},"featured_media":206075,"template":"","dzielnica":[],"miasta":[64],"kategorie-nieruchomosci":[],"class_list":["post-206114","nieruchomosci","type-nieruchomosci","status-publish","has-post-thumbnail","hentry","miasta-konstancin-jeziorna"],"yoast_head":"<!-- This site is optimized with the Yoast SEO plugin v27.2 - https:\/\/yoast.com\/product\/yoast-seo-wordpress\/ -->\n<title>Nowoczesny dom | Przestrze\u0144, \u015bwiat\u0142o i prywatno\u015b\u0107 - The Leader&#039;s Estate<\/title>\n<meta name=\"robots\" content=\"index, follow, max-snippet:-1, max-image-preview:large, max-video-preview:-1\" \/>\n<link rel=\"canonical\" href=\"https:\/\/theleadersestate.com\/en\/real-estate\/nowoczesny-dom-przestrzen-swiatlo-i-prywatnosc\/\" \/>\n<meta property=\"og:locale\" content=\"en_US\" \/>\n<meta property=\"og:type\" content=\"article\" \/>\n<meta property=\"og:title\" content=\"Nowoczesny dom | Przestrze\u0144, \u015bwiat\u0142o i prywatno\u015b\u0107 - The Leader&#039;s Estate\" \/>\n<meta property=\"og:url\" content=\"https:\/\/theleadersestate.com\/en\/real-estate\/nowoczesny-dom-przestrzen-swiatlo-i-prywatnosc\/\" \/>\n<meta property=\"og:site_name\" content=\"The Leader&#039;s Estate\" \/>\n<meta property=\"og:image\" content=\"https:\/\/theleadersestate.com\/wp-content\/uploads\/103343015.jpg\" \/>\n\t<meta property=\"og:image:width\" content=\"801\" \/>\n\t<meta property=\"og:image:height\" content=\"1200\" \/>\n\t<meta property=\"og:image:type\" content=\"image\/jpeg\" \/>\n<meta name=\"twitter:card\" content=\"summary_large_image\" \/>\n<script type=\"application\/ld+json\" class=\"yoast-schema-graph\">{\"@context\":\"https:\/\/schema.org\",\"@graph\":[{\"@type\":\"WebPage\",\"@id\":\"https:\/\/theleadersestate.com\/en\/real-estate\/nowoczesny-dom-przestrzen-swiatlo-i-prywatnosc\/\",\"url\":\"https:\/\/theleadersestate.com\/en\/real-estate\/nowoczesny-dom-przestrzen-swiatlo-i-prywatnosc\/\",\"name\":\"Nowoczesny dom | Przestrze\u0144, \u015bwiat\u0142o i prywatno\u015b\u0107 - The Leader&#039;s Estate\",\"isPartOf\":{\"@id\":\"https:\/\/theleadersestate.com\/en\/#website\"},\"primaryImageOfPage\":{\"@id\":\"https:\/\/theleadersestate.com\/en\/real-estate\/nowoczesny-dom-przestrzen-swiatlo-i-prywatnosc\/#primaryimage\"},\"image\":{\"@id\":\"https:\/\/theleadersestate.com\/en\/real-estate\/nowoczesny-dom-przestrzen-swiatlo-i-prywatnosc\/#primaryimage\"},\"thumbnailUrl\":\"https:\/\/theleadersestate.com\/wp-content\/uploads\/103343015.jpg\",\"datePublished\":\"2026-04-09T07:16:04+00:00\",\"breadcrumb\":{\"@id\":\"https:\/\/theleadersestate.com\/en\/real-estate\/nowoczesny-dom-przestrzen-swiatlo-i-prywatnosc\/#breadcrumb\"},\"inLanguage\":\"en-US\",\"potentialAction\":[{\"@type\":\"ReadAction\",\"target\":[\"https:\/\/theleadersestate.com\/en\/real-estate\/nowoczesny-dom-przestrzen-swiatlo-i-prywatnosc\/\"]}]},{\"@type\":\"ImageObject\",\"inLanguage\":\"en-US\",\"@id\":\"https:\/\/theleadersestate.com\/en\/real-estate\/nowoczesny-dom-przestrzen-swiatlo-i-prywatnosc\/#primaryimage\",\"url\":\"https:\/\/theleadersestate.com\/wp-content\/uploads\/103343015.jpg\",\"contentUrl\":\"https:\/\/theleadersestate.com\/wp-content\/uploads\/103343015.jpg\",\"width\":801,\"height\":1200},{\"@type\":\"BreadcrumbList\",\"@id\":\"https:\/\/theleadersestate.com\/en\/real-estate\/nowoczesny-dom-przestrzen-swiatlo-i-prywatnosc\/#breadcrumb\",\"itemListElement\":[{\"@type\":\"ListItem\",\"position\":1,\"name\":\"Strona g\u0142\u00f3wna\",\"item\":\"https:\/\/theleadersestate.com\/en\/\"},{\"@type\":\"ListItem\",\"position\":2,\"name\":\"Nieruchomo\u015bci\",\"item\":\"https:\/\/theleadersestate.com\/nieruchomosci\/\"},{\"@type\":\"ListItem\",\"position\":3,\"name\":\"Nowoczesny dom | Przestrze\u0144, \u015bwiat\u0142o i prywatno\u015b\u0107\"}]},{\"@type\":\"WebSite\",\"@id\":\"https:\/\/theleadersestate.com\/en\/#website\",\"url\":\"https:\/\/theleadersestate.com\/en\/\",\"name\":\"The Leader's Estate\",\"description\":\"\",\"publisher\":{\"@id\":\"https:\/\/theleadersestate.com\/en\/#organization\"},\"potentialAction\":[{\"@type\":\"SearchAction\",\"target\":{\"@type\":\"EntryPoint\",\"urlTemplate\":\"https:\/\/theleadersestate.com\/en\/?s={search_term_string}\"},\"query-input\":{\"@type\":\"PropertyValueSpecification\",\"valueRequired\":true,\"valueName\":\"search_term_string\"}}],\"inLanguage\":\"en-US\"},{\"@type\":\"Organization\",\"@id\":\"https:\/\/theleadersestate.com\/en\/#organization\",\"name\":\"The Leader's Estate\",\"url\":\"https:\/\/theleadersestate.com\/en\/\",\"logo\":{\"@type\":\"ImageObject\",\"inLanguage\":\"en-US\",\"@id\":\"https:\/\/theleadersestate.com\/en\/#\/schema\/logo\/image\/\",\"url\":\"https:\/\/theleadersestate.com\/wp-content\/uploads\/2022\/07\/theleadersestate_logo.svg\",\"contentUrl\":\"https:\/\/theleadersestate.com\/wp-content\/uploads\/2022\/07\/theleadersestate_logo.svg\",\"width\":505.604,\"height\":189,\"caption\":\"The Leader's Estate\"},\"image\":{\"@id\":\"https:\/\/theleadersestate.com\/en\/#\/schema\/logo\/image\/\"}}]}<\/script>\n<!-- \/ Yoast SEO plugin. -->","yoast_head_json":{"title":"Nowoczesny dom | Przestrze\u0144, \u015bwiat\u0142o i prywatno\u015b\u0107 - The Leader&#039;s Estate","robots":{"index":"index","follow":"follow","max-snippet":"max-snippet:-1","max-image-preview":"max-image-preview:large","max-video-preview":"max-video-preview:-1"},"canonical":"https:\/\/theleadersestate.com\/en\/real-estate\/nowoczesny-dom-przestrzen-swiatlo-i-prywatnosc\/","og_locale":"en_US","og_type":"article","og_title":"Nowoczesny dom | Przestrze\u0144, \u015bwiat\u0142o i prywatno\u015b\u0107 - The Leader&#039;s Estate","og_url":"https:\/\/theleadersestate.com\/en\/real-estate\/nowoczesny-dom-przestrzen-swiatlo-i-prywatnosc\/","og_site_name":"The Leader&#039;s Estate","og_image":[{"width":801,"height":1200,"url":"https:\/\/theleadersestate.com\/wp-content\/uploads\/103343015.jpg","type":"image\/jpeg"}],"twitter_card":"summary_large_image","schema":{"@context":"https:\/\/schema.org","@graph":[{"@type":"WebPage","@id":"https:\/\/theleadersestate.com\/en\/real-estate\/nowoczesny-dom-przestrzen-swiatlo-i-prywatnosc\/","url":"https:\/\/theleadersestate.com\/en\/real-estate\/nowoczesny-dom-przestrzen-swiatlo-i-prywatnosc\/","name":"Nowoczesny dom | Przestrze\u0144, \u015bwiat\u0142o i prywatno\u015b\u0107 - The Leader&#039;s Estate","isPartOf":{"@id":"https:\/\/theleadersestate.com\/en\/#website"},"primaryImageOfPage":{"@id":"https:\/\/theleadersestate.com\/en\/real-estate\/nowoczesny-dom-przestrzen-swiatlo-i-prywatnosc\/#primaryimage"},"image":{"@id":"https:\/\/theleadersestate.com\/en\/real-estate\/nowoczesny-dom-przestrzen-swiatlo-i-prywatnosc\/#primaryimage"},"thumbnailUrl":"https:\/\/theleadersestate.com\/wp-content\/uploads\/103343015.jpg","datePublished":"2026-04-09T07:16:04+00:00","breadcrumb":{"@id":"https:\/\/theleadersestate.com\/en\/real-estate\/nowoczesny-dom-przestrzen-swiatlo-i-prywatnosc\/#breadcrumb"},"inLanguage":"en-US","potentialAction":[{"@type":"ReadAction","target":["https:\/\/theleadersestate.com\/en\/real-estate\/nowoczesny-dom-przestrzen-swiatlo-i-prywatnosc\/"]}]},{"@type":"ImageObject","inLanguage":"en-US","@id":"https:\/\/theleadersestate.com\/en\/real-estate\/nowoczesny-dom-przestrzen-swiatlo-i-prywatnosc\/#primaryimage","url":"https:\/\/theleadersestate.com\/wp-content\/uploads\/103343015.jpg","contentUrl":"https:\/\/theleadersestate.com\/wp-content\/uploads\/103343015.jpg","width":801,"height":1200},{"@type":"BreadcrumbList","@id":"https:\/\/theleadersestate.com\/en\/real-estate\/nowoczesny-dom-przestrzen-swiatlo-i-prywatnosc\/#breadcrumb","itemListElement":[{"@type":"ListItem","position":1,"name":"Strona g\u0142\u00f3wna","item":"https:\/\/theleadersestate.com\/en\/"},{"@type":"ListItem","position":2,"name":"Nieruchomo\u015bci","item":"https:\/\/theleadersestate.com\/nieruchomosci\/"},{"@type":"ListItem","position":3,"name":"Nowoczesny dom | Przestrze\u0144, \u015bwiat\u0142o i prywatno\u015b\u0107"}]},{"@type":"WebSite","@id":"https:\/\/theleadersestate.com\/en\/#website","url":"https:\/\/theleadersestate.com\/en\/","name":"The Leader's Estate","description":"","publisher":{"@id":"https:\/\/theleadersestate.com\/en\/#organization"},"potentialAction":[{"@type":"SearchAction","target":{"@type":"EntryPoint","urlTemplate":"https:\/\/theleadersestate.com\/en\/?s={search_term_string}"},"query-input":{"@type":"PropertyValueSpecification","valueRequired":true,"valueName":"search_term_string"}}],"inLanguage":"en-US"},{"@type":"Organization","@id":"https:\/\/theleadersestate.com\/en\/#organization","name":"The Leader's Estate","url":"https:\/\/theleadersestate.com\/en\/","logo":{"@type":"ImageObject","inLanguage":"en-US","@id":"https:\/\/theleadersestate.com\/en\/#\/schema\/logo\/image\/","url":"https:\/\/theleadersestate.com\/wp-content\/uploads\/2022\/07\/theleadersestate_logo.svg","contentUrl":"https:\/\/theleadersestate.com\/wp-content\/uploads\/2022\/07\/theleadersestate_logo.svg","width":505.604,"height":189,"caption":"The Leader's Estate"},"image":{"@id":"https:\/\/theleadersestate.com\/en\/#\/schema\/logo\/image\/"}}]}},"_links":{"self":[{"href":"https:\/\/theleadersestate.com\/en\/wp-json\/wp\/v2\/nieruchomosci\/206114","targetHints":{"allow":["GET"]}}],"collection":[{"href":"https:\/\/theleadersestate.com\/en\/wp-json\/wp\/v2\/nieruchomosci"}],"about":[{"href":"https:\/\/theleadersestate.com\/en\/wp-json\/wp\/v2\/types\/nieruchomosci"}],"wp:featuredmedia":[{"embeddable":true,"href":"https:\/\/theleadersestate.com\/en\/wp-json\/wp\/v2\/media\/206075"}],"wp:attachment":[{"href":"https:\/\/theleadersestate.com\/en\/wp-json\/wp\/v2\/media?parent=206114"}],"wp:term":[{"taxonomy":"dzielnica","embeddable":true,"href":"https:\/\/theleadersestate.com\/en\/wp-json\/wp\/v2\/dzielnica?post=206114"},{"taxonomy":"miasta","embeddable":true,"href":"https:\/\/theleadersestate.com\/en\/wp-json\/wp\/v2\/miasta?post=206114"},{"taxonomy":"kategorie-nieruchomosci","embeddable":true,"href":"https:\/\/theleadersestate.com\/en\/wp-json\/wp\/v2\/kategorie-nieruchomosci?post=206114"}],"curies":[{"name":"wp","href":"https:\/\/api.w.org\/{rel}","templated":true}]}}

Nowoczesny dom | Przestrzeń, światło i prywatność

<!-- This site is optimized with the Yoast SEO plugin v27.2 - https://yoast.com/product/yoast-seo-wordpress/ -->
<title>Nowoczesny dom | Przestrzeń, światło i prywatność - The Leader&#039;s Estate</title>
<meta name="robots" content="index, follow, max-snippet:-1, max-image-preview:large, max-video-preview:-1" />
<link rel="canonical" href="https://theleadersestate.com/en/real-estate/nowoczesny-dom-przestrzen-swiatlo-i-prywatnosc/" />
<meta property="og:locale" content="en_US" />
<meta property="og:type" content="article" />
<meta property="og:title" content="Nowoczesny dom | Przestrzeń, światło i prywatność - The Leader&#039;s Estate" />
<meta property="og:url" content="https://theleadersestate.com/en/real-estate/nowoczesny-dom-przestrzen-swiatlo-i-prywatnosc/" />
<meta property="og:site_name" content="The Leader&#039;s Estate" />
<meta property="og:image" content="https://theleadersestate.com/wp-content/uploads/103343015.jpg" />
	<meta property="og:image:width" content="801" />
	<meta property="og:image:height" content="1200" />
	<meta property="og:image:type" content="image/jpeg" />
<meta name="twitter:card" content="summary_large_image" />
<script type="application/ld+json" class="yoast-schema-graph">{"@context":"https://schema.org","@graph":[{"@type":"WebPage","@id":"https://theleadersestate.com/en/real-estate/nowoczesny-dom-przestrzen-swiatlo-i-prywatnosc/","url":"https://theleadersestate.com/en/real-estate/nowoczesny-dom-przestrzen-swiatlo-i-prywatnosc/","name":"Nowoczesny dom | Przestrzeń, światło i prywatność - The Leader&#039;s Estate","isPartOf":{"@id":"https://theleadersestate.com/en/#website"},"primaryImageOfPage":{"@id":"https://theleadersestate.com/en/real-estate/nowoczesny-dom-przestrzen-swiatlo-i-prywatnosc/#primaryimage"},"image":{"@id":"https://theleadersestate.com/en/real-estate/nowoczesny-dom-przestrzen-swiatlo-i-prywatnosc/#primaryimage"},"thumbnailUrl":"https://theleadersestate.com/wp-content/uploads/103343015.jpg","datePublished":"2026-04-09T07:16:04+00:00","breadcrumb":{"@id":"https://theleadersestate.com/en/real-estate/nowoczesny-dom-przestrzen-swiatlo-i-prywatnosc/#breadcrumb"},"inLanguage":"en-US","potentialAction":[{"@type":"ReadAction","target":["https://theleadersestate.com/en/real-estate/nowoczesny-dom-przestrzen-swiatlo-i-prywatnosc/"]}]},{"@type":"ImageObject","inLanguage":"en-US","@id":"https://theleadersestate.com/en/real-estate/nowoczesny-dom-przestrzen-swiatlo-i-prywatnosc/#primaryimage","url":"https://theleadersestate.com/wp-content/uploads/103343015.jpg","contentUrl":"https://theleadersestate.com/wp-content/uploads/103343015.jpg","width":801,"height":1200},{"@type":"BreadcrumbList","@id":"https://theleadersestate.com/en/real-estate/nowoczesny-dom-przestrzen-swiatlo-i-prywatnosc/#breadcrumb","itemListElement":[{"@type":"ListItem","position":1,"name":"Strona główna","item":"https://theleadersestate.com/en/"},{"@type":"ListItem","position":2,"name":"Nieruchomości","item":"https://theleadersestate.com/nieruchomosci/"},{"@type":"ListItem","position":3,"name":"Nowoczesny dom | Przestrzeń, światło i prywatność"}]},{"@type":"WebSite","@id":"https://theleadersestate.com/en/#website","url":"https://theleadersestate.com/en/","name":"The Leader's Estate","description":"","publisher":{"@id":"https://theleadersestate.com/en/#organization"},"potentialAction":[{"@type":"SearchAction","target":{"@type":"EntryPoint","urlTemplate":"https://theleadersestate.com/en/?s={search_term_string}"},"query-input":{"@type":"PropertyValueSpecification","valueRequired":true,"valueName":"search_term_string"}}],"inLanguage":"en-US"},{"@type":"Organization","@id":"https://theleadersestate.com/en/#organization","name":"The Leader's Estate","url":"https://theleadersestate.com/en/","logo":{"@type":"ImageObject","inLanguage":"en-US","@id":"https://theleadersestate.com/en/#/schema/logo/image/","url":"https://theleadersestate.com/wp-content/uploads/2022/07/theleadersestate_logo.svg","contentUrl":"https://theleadersestate.com/wp-content/uploads/2022/07/theleadersestate_logo.svg","width":505.604,"height":189,"caption":"The Leader's Estate"},"image":{"@id":"https://theleadersestate.com/en/#/schema/logo/image/"}}]}</script>
<!-- / Yoast SEO plugin. -->

Nowoczesny dom | Przestrzeń, światło i prywatność - The Leader&#039;s Estate

Strona główna

Nieruchomości
